{"id":8,"date":"2019-10-06T10:31:33","date_gmt":"2019-10-06T07:31:33","guid":{"rendered":"http:\/\/www.kuopiolive.fi\/?page_id=8"},"modified":"2025-11-26T21:24:57","modified_gmt":"2025-11-26T19:24:57","slug":"etusivu","status":"publish","type":"page","link":"https:\/\/www.kuopiolive.fi\/","title":{"rendered":"Etusivu"},"content":{"rendered":"<p>&nbsp;<\/p>\n<table border=\"0\">\n<tbody>\n<tr>\n<td valign=\"top\" width=\"60%\">\n<h2>Joulukyl\u00e4 &amp; Tori tulee taas!<\/h2>\n<p>&nbsp;<\/p>\n<p><strong>29.-30.11.2025<\/strong><\/p>\n<p>&nbsp;<\/p>\n<p>Supersuosittu Joulutapahtumamme on taas tulossa! T\u00e4ll\u00e4 kertaa tapahtuma rakennetaan nelj\u00e4nnen kerran kauppapaikka Hermanin tiloihin ja suuren kysynn\u00e4n my\u00f6t\u00e4 valtaamme j\u00e4lleen koko kauppakeskuksen. T\u00e4n\u00e4 vuonna tapahtuma uudistuu uuden tilan my\u00f6t\u00e4 joka tuo suurimman osan myyjist\u00e4 samaan tilaan. Eli tapahtuma tulee olemaan uudenlainen kokemus meille kaikille.<\/p>\n<p>Tapahtuma tulee olemaan vahvasti teemoitettu ja myyjilt\u00e4 vaaditaan tapahtumaan soveltuvia tuotteita. Haluamme tarjota erilaisen tapahtuman jossa voi unohtaa arkiset kiireet ja nauttia hetken Joulutorin tunnelmaa.<\/p>\n<p>Aiemmista vuosista poiketen tarjoamme t\u00e4ll\u00e4 kertaa kahdenlaisia myyntipaikkoja. Aiemmin emme ole hyv\u00e4ksyneet mukaan verkostomarkkinointituotteita, kosmetiikkaa jne. T\u00e4m\u00e4 on aiheuttanut harmitusta n\u00e4it\u00e4 tuotteita myyville paikallisille yritt\u00e4jille joten tarjoamme kompromissina myyntipaikkoja itse tapahtuma-alueen ulkopuolelta, kauppakeskuksen alakerran k\u00e4yt\u00e4vill\u00e4. N\u00e4m\u00e4 paikat tulevat olemaan edullisia koska ne eiv\u00e4t ole suoranaisesti Joulukyl\u00e4 &amp; Tori &#8211; alueella, mutta kuitenkin alueen v\u00e4litt\u00f6m\u00e4ss\u00e4 yhteydess\u00e4. N\u00e4m\u00e4 paikat eiv\u00e4t my\u00f6sk\u00e4\u00e4n sis\u00e4ll\u00e4 myyntip\u00f6yti\u00e4 vaan ne on tuotava itse.<\/p>\n<p>&nbsp;<\/p>\n<p><strong>OHJELMA<\/strong><\/p>\n<p>Lauantaina:<br \/>\n12 &amp; 13 ukrainalainen musiikkiryhm\u00e4 Auringonkukat<br \/>\n14 &amp; 15 kosketinsoittomusiikkia<\/p>\n<p>Sunnuntaina:<br \/>\n12 &amp; 13 kosketinsoittomusiikkia<br \/>\n14&amp; 15 ukrainalainen musiikkiryhm\u00e4.<\/p>\n<p>Ratsastuskoulu Toiveen talutusponit tavattavissa la 10-12 ja su 10.30-12.30<br \/>\nTalutusratsastus maksaa 5\u20ac\/kierros.<\/p>\n<p>Joulupukki paikalla koko tapahtuman ajan.<\/p>\n<p>Ukrainalaisten ryhm\u00e4, esiintyy 2 krs hissi aulassa. Ja kosketin soittaja 2 krs p\u00e4\u00e4 tapahtuma tilassa.<\/p>\n<p><strong>Hinnat:<\/strong><\/p>\n<p><strong>Joulukyl\u00e4 &amp; Tori &#8211; alue (aula + yl\u00e4kerta)<\/strong><\/p>\n<p>Myyntipaikan hinta on 65,00\u20ac (p\u00f6yt\u00e4 noin 150cm) Pyrimme huomioimaan my\u00f6s toiveet myyntipaikkojen suhteen.<br \/>\nKahden p\u00f6yd\u00e4n paikka 110\u20ac<br \/>\nKolmen p\u00f6yd\u00e4n paikka 150\u20ac<br \/>\nTalkoisiin osallistujat saavat yhden p\u00f6yd\u00e4n veloituksetta.<br \/>\nYhden p\u00e4iv\u00e4n myyntipaikka 40\u20ac<\/p>\n<p><strong>Alakerran k\u00e4yt\u00e4v\u00e4t:<\/strong><\/p>\n<p>Myyntipaikka yhdelle p\u00f6yd\u00e4lle 25\u20ac\/ viikonloppu (huom omat p\u00f6yd\u00e4t mukaan)<\/p>\n<p>Kun olemme vavhistaneet myyntipaikan niin saat samalla s\u00e4hk\u00f6postiisi maksutiedot jolla varmistat paikan.<\/p>\n<p><strong>Aukioloajat:<\/strong><\/p>\n<p>Lauantaina 9.00-17.00<\/p>\n<p>Sunnuntaina 10.00-16.00<\/p>\n<p><a class=\"linkkinappi\" href=\"http:\/\/www.kuopiolive.fi\/?page_id=82\">Lue ohjeistus kokonaisuudessaan t\u00e4st\u00e4 linkist\u00e4<\/a><\/p>\n<p><strong>2025 tapahtumaa vet\u00e4\u00e4 Pirita Laukkanen. Jos sinulla on kysytt\u00e4v\u00e4\u00e4 myyntipaikasta tai muutoin tapahtumasta niin ota yhteytt\u00e4: piritaklaukkanen@gmail.com \/ 0456967171<\/strong><\/p>\n<p>&nbsp;<\/td>\n<td valign=\"top\"><img loading=\"lazy\" decoding=\"async\" class=\"aligncenter wp-image-26 size-full\" src=\"http:\/\/www.kuopiolive.fi\/wp-content\/uploads\/2019\/10\/kylajatori-4.png\" alt=\"\" width=\"800\" height=\"782\" srcset=\"https:\/\/www.kuopiolive.fi\/wp-content\/uploads\/2019\/10\/kylajatori-4.png 800w, https:\/\/www.kuopiolive.fi\/wp-content\/uploads\/2019\/10\/kylajatori-4-600x587.png 600w, https:\/\/www.kuopiolive.fi\/wp-content\/uploads\/2019\/10\/kylajatori-4-300x293.png 300w, https:\/\/www.kuopiolive.fi\/wp-content\/uploads\/2019\/10\/kylajatori-4-768x751.png 768w\" sizes=\"auto, (max-width: 800px) 100vw, 800px\" \/><\/p>\n<p>Alla muutama kuva edellisvuoden myyntituotteista<\/p>\n<p><img loading=\"lazy\" decoding=\"async\" class=\"alignnone wp-image-161 size-full\" src=\"http:\/\/www.kuopiolive.fi\/wp-content\/uploads\/2021\/10\/20191122_203635.jpg\" alt=\"\" width=\"912\" height=\"912\" srcset=\"https:\/\/www.kuopiolive.fi\/wp-content\/uploads\/2021\/10\/20191122_203635.jpg 912w, https:\/\/www.kuopiolive.fi\/wp-content\/uploads\/2021\/10\/20191122_203635-150x150.jpg 150w, https:\/\/www.kuopiolive.fi\/wp-content\/uploads\/2021\/10\/20191122_203635-300x300.jpg 300w, https:\/\/www.kuopiolive.fi\/wp-content\/uploads\/2021\/10\/20191122_203635-768x768.jpg 768w, https:\/\/www.kuopiolive.fi\/wp-content\/uploads\/2021\/10\/20191122_203635-600x600.jpg 600w, https:\/\/www.kuopiolive.fi\/wp-content\/uploads\/2021\/10\/20191122_203635-100x100.jpg 100w\" sizes=\"auto, (max-width: 912px) 100vw, 912px\" \/> <img loading=\"lazy\" decoding=\"async\" class=\"alignnone wp-image-162 size-full\" src=\"http:\/\/www.kuopiolive.fi\/wp-content\/uploads\/2021\/10\/20191122_203538.jpg\" alt=\"\" width=\"912\" height=\"912\" srcset=\"https:\/\/www.kuopiolive.fi\/wp-content\/uploads\/2021\/10\/20191122_203538.jpg 912w, https:\/\/www.kuopiolive.fi\/wp-content\/uploads\/2021\/10\/20191122_203538-150x150.jpg 150w, https:\/\/www.kuopiolive.fi\/wp-content\/uploads\/2021\/10\/20191122_203538-300x300.jpg 300w, https:\/\/www.kuopiolive.fi\/wp-content\/uploads\/2021\/10\/20191122_203538-768x768.jpg 768w, https:\/\/www.kuopiolive.fi\/wp-content\/uploads\/2021\/10\/20191122_203538-600x600.jpg 600w, https:\/\/www.kuopiolive.fi\/wp-content\/uploads\/2021\/10\/20191122_203538-100x100.jpg 100w\" sizes=\"auto, (max-width: 912px) 100vw, 912px\" \/>\u00a0<img loading=\"lazy\" decoding=\"async\" class=\"alignnone wp-image-163 size-full\" style=\"font-family: inherit; font-size: inherit;\" src=\"http:\/\/www.kuopiolive.fi\/wp-content\/uploads\/2021\/10\/20191124_091037.jpg\" alt=\"\" width=\"969\" height=\"969\" srcset=\"https:\/\/www.kuopiolive.fi\/wp-content\/uploads\/2021\/10\/20191124_091037.jpg 969w, https:\/\/www.kuopiolive.fi\/wp-content\/uploads\/2021\/10\/20191124_091037-150x150.jpg 150w, https:\/\/www.kuopiolive.fi\/wp-content\/uploads\/2021\/10\/20191124_091037-300x300.jpg 300w, https:\/\/www.kuopiolive.fi\/wp-content\/uploads\/2021\/10\/20191124_091037-768x768.jpg 768w, https:\/\/www.kuopiolive.fi\/wp-content\/uploads\/2021\/10\/20191124_091037-600x600.jpg 600w, https:\/\/www.kuopiolive.fi\/wp-content\/uploads\/2021\/10\/20191124_091037-100x100.jpg 100w\" sizes=\"auto, (max-width: 969px) 100vw, 969px\" \/><\/td>\n<\/tr>\n<\/tbody>\n<\/table>\n<h1><strong>MYYNTIPAIKAT ON NYT T\u00c4YNN\u00c4! LUVASSA J\u00c4LLEEN AIVAN MIELETT\u00d6M\u00c4N UPEA TAPAHTUMA<\/strong><\/h1>\n","protected":false},"excerpt":{"rendered":"<p>&nbsp; Joulukyl\u00e4 &amp; Tori tulee taas! &nbsp; 29.-30.11.2025 &nbsp; Supersuosittu Joulutapahtumamme on taas tulossa! T\u00e4ll\u00e4 kertaa tapahtuma rakennetaan nelj\u00e4nnen kerran kauppapaikka Hermanin tiloihin ja suuren kysynn\u00e4n my\u00f6t\u00e4 valtaamme j\u00e4lleen koko kauppakeskuksen. T\u00e4n\u00e4 vuonna tapahtuma uudistuu uuden tilan my\u00f6t\u00e4 joka tuo suurimman osan myyjist\u00e4 samaan tilaan. Eli tapahtuma tulee olemaan uudenlainen kokemus meille kaikille. Tapahtuma tulee [&hellip;]<\/p>\n<br\/><br\/><a class=\"readmore-button\" href=\"https:\/\/www.kuopiolive.fi\/\"> Lue lis&auml;&auml;<\/a>","protected":false},"author":1,"featured_media":0,"parent":0,"menu_order":0,"comment_status":"closed","ping_status":"closed","template":"homepage.php","meta":{"footnotes":""},"class_list":["post-8","page","type-page","status-publish","hentry"],"jetpack_sharing_enabled":true,"_links":{"self":[{"href":"https:\/\/www.kuopiolive.fi\/index.php?rest_route=\/wp\/v2\/pages\/8","targetHints":{"allow":["GET"]}}],"collection":[{"href":"https:\/\/www.kuopiolive.fi\/index.php?rest_route=\/wp\/v2\/pages"}],"about":[{"href":"https:\/\/www.kuopiolive.fi\/index.php?rest_route=\/wp\/v2\/types\/page"}],"author":[{"embeddable":true,"href":"https:\/\/www.kuopiolive.fi\/index.php?rest_route=\/wp\/v2\/users\/1"}],"replies":[{"embeddable":true,"href":"https:\/\/www.kuopiolive.fi\/index.php?rest_route=%2Fwp%2Fv2%2Fcomments&post=8"}],"version-history":[{"count":60,"href":"https:\/\/www.kuopiolive.fi\/index.php?rest_route=\/wp\/v2\/pages\/8\/revisions"}],"predecessor-version":[{"id":372,"href":"https:\/\/www.kuopiolive.fi\/index.php?rest_route=\/wp\/v2\/pages\/8\/revisions\/372"}],"wp:attachment":[{"href":"https:\/\/www.kuopiolive.fi\/index.php?rest_route=%2Fwp%2Fv2%2Fmedia&parent=8"}],"curies":[{"name":"wp","href":"https:\/\/api.w.org\/{rel}","templated":true}]}}